{"id":738,"date":"2018-05-25T17:45:25","date_gmt":"2018-05-25T15:45:25","guid":{"rendered":"http:\/\/www.dl0mfk.de\/?page_id=738"},"modified":"2018-05-25T17:45:25","modified_gmt":"2018-05-25T15:45:25","slug":"impressum","status":"publish","type":"page","link":"https:\/\/www.dl0mfk.de\/?page_id=738","title":{"rendered":"Impressum"},"content":{"rendered":"<p><center><b><span style=\"font-family: Verdana;\"><span style=\"color: #0000ff;\"><span style=\"font-size: medium;\">Impressum der privaten Homepage<\/span><\/span><\/span><\/b><br \/>\n<b><span style=\"font-family: Verdana;\"><span style=\"color: #0000ff;\"><span style=\"font-size: medium;\">www.dl0mfk.de<\/span><\/span><\/span><\/b><\/center><br \/>\n<span style=\"font-family: Verdana;\">Bei allgemeinen redaktionellen Fragen, Informationen zu unseren Seiten &#8211; Inhalten und technischen Fragen, Hinweisen usw. wenden Sie sich bitte an:<\/span><\/p>\n<p><span style=\"font-family: Verdana;\">Torsten Schlegel, DL4APJ<\/span><br \/>\n<span style=\"font-family: Verdana;\">Am Stadion 25<\/span><br \/>\n<span style=\"font-family: Verdana;\">D-07629 Hermsdorf<\/span><br \/>\n<span style=\"font-family: Verdana;\">Tel: +49-36601-41787<\/span><br \/>\n<span style=\"font-family: Verdana;\">eMail: <a href=\"mailto:info@dl0mfk.de\">info@dl0mfk.de<\/a><\/span><\/p>\n<div>\n<p>Plattform der EU-Kommission zur Online-Streitbeilegung:<\/p>\n<p><a class=\"external-link-new-window\" href=\"https:\/\/ec.europa.eu\/consumers\/odr\" target=\"_blank\" rel=\"noopener\">https:\/\/ec.europa.eu\/consumers\/odr<\/a><\/p>\n<\/div>\n<div>\n<p>Wir sind zur Teilnahme an einem Streitbeilegungsverfahren vor einer Verbraucherschlichtungsstelle weder verpflichtet noch bereit.<\/p>\n<p>Weitere Details entnehmen Sie bitte der <a href=\"https:\/\/www.dl0mfk.de\/?page_id=730\" rel=\"noopener\">Datenschutzerkl\u00e4rung.<\/a><\/p>\n<\/div>\n<hr \/>\n<p><b><span style=\"font-family: Verdana;\">Rechtlicher Hinweis<\/span><\/b><\/p>\n<p><span style=\"font-family: Verdana;\">Der Betreiber der Homepage<\/span><\/p>\n<p><b><span style=\"font-family: Verdana;\"><span style=\"color: #0000ff;\">www.dl0mfk.de<\/span><\/span><\/b><\/p>\n<p><span style=\"font-family: Verdana;\">\u00fcbernimmt keine Haftung oder Garantie f\u00fcr die Richtigkeit und Vollst\u00e4ndigkeit der auf diesen Websites bereitgestellten Informationen und beh\u00e4lt sich das Recht vor, ohne vorherige Ank\u00fcndigung \u00c4nderungen, Erg\u00e4nzungen oder L\u00f6schungen der bereitgestellten Informationen vorzunehmen. Wir haften nicht f\u00fcr direkte oder indirekte Sch\u00e4den, einschliesslich entgangenen Gewinns, die in Verbindung mit auf dieser Website enthaltenen Informationen entstehen k\u00f6nnten<\/span><\/p>\n<p><span style=\"font-family: Verdana;\">Wir \u00fcbernehmen ferner keine Haftung f\u00fcr die Inhalte anderer Websiten, die Sie \u00fcber Hyperlinks vom Angebot der Websites<\/span><\/p>\n<p><b><span style=\"font-family: Verdana;\"><span style=\"color: #0000ff;\">www.dl0mfk.de<\/span><\/span><\/b><\/p>\n<p><span style=\"font-family: Verdana;\">aus besuchen k\u00f6nnen. Hierbei handelt es sich um fremde Angebote, auf deren inhaltliche Gestaltung die wir keinen Einfluss haben. Diese Hyperlinks sind eine Serviceleistung des Homepagebetreibers, der f\u00fcr die Inhalte jedoch nicht verantwortlich ist.<\/span><\/p>\n<p><span style=\"font-family: Verdana;\">Sollten Sie Kenntnis von rechtswidrigen Inhalten von Websites anderer Anbieter erhalten, die Sie \u00fcber unser Angebot per Hyperlink besuchen k\u00f6nnen, bitten wir um einen Hinweis, damit wir den Verweis auf das entsprechende Angebot aufheben k\u00f6nnen.<\/span><\/p>\n<p><span style=\"font-family: Verdana;\">Alle Angebote auf dieser Seite, Hyperlinks, Veranstaltungsmeldungen wurden nach besten Wissen und Gewissen aufgenommen. Dies geschieht v\u00f6llig kostenlos, ohne Gegenleistungen zu fordern, abzusprechen oder zu vereinbaren. Die Seiten<\/span><\/p>\n<p><b><span style=\"font-family: Verdana;\"><span style=\"color: #0000ff;\">www.dl0mfk.de<\/span><\/span><\/b><\/p>\n<p><span style=\"font-family: Verdana;\">sind private Seiten und werden nicht gewerblich oder kommerziell betrieben &#8211; siehe Haftungsauschluss \/ Disclaimer.<\/span><\/p>\n<p><span style=\"font-family: Verdana;\">Torsten Schlegel<\/span><\/p>\n<p>&nbsp;<\/p>\n<hr \/>\n<h1>Haftungsausschluss\/Disclaimer<\/h1>\n<h2>1. Inhalt des Onlineangebotes<\/h2>\n<p>Der Autor \u00fcbernimmt keinerlei Gew\u00e4hr f\u00fcr die Aktualit\u00e4t, Korrektheit, Vollst\u00e4ndigkeit oder Qualit\u00e4t der bereitgestellten Informationen. Haftungsanspr\u00fcche gegen den Autor, welche sich auf Sch\u00e4den materieller oder ideeller Art beziehen, die durch die Nutzung oder Nichtnutzung der dargebotenen Informationen bzw. durch die Nutzung fehlerhafter und unvollst\u00e4ndiger Informationen verursacht wurden, sind grunds\u00e4tzlich ausgeschlossen, sofern seitens des Autors kein nachweislich vors\u00e4tzliches oder grob fahrl\u00e4ssiges Verschulden vorliegt.<\/p>\n<p>Alle Angebote sind freibleibend und unverbindlich. Der Autor beh\u00e4lt es sich ausdr\u00fccklich vor, Teile der Seiten oder das gesamte Angebot ohne gesonderte Ank\u00fcndigung zu ver\u00e4ndern, zu erg\u00e4nzen, zu l\u00f6schen oder die Ver\u00f6ffentlichung zeitweise oder endg\u00fcltig einzustellen.<\/p>\n<h2>2. Verweise und Links<\/h2>\n<p>Bei direkten oder indirekten Verweisen auf fremde Internetseiten (&#8222;Links&#8220;), die au\u00dferhalb des Verantwortungsbereiches des Autors liegen, w\u00fcrde eine Haftungsverpflichtung ausschlie\u00dflich in dem Fall in Kraft treten, in dem der Autor von den Inhalten Kenntnis hat und es ihm technisch m\u00f6glich und zumutbar w\u00e4re, die Nutzung im Falle rechtswidriger Inhalte zu verhindern.<\/p>\n<p>Der Autor erkl\u00e4rt daher ausdr\u00fccklich, dass zum Zeitpunkt der Linksetzung die entsprechenden verlinkten Seiten frei von illegalen Inhalten waren. Der Autor hat keinerlei Einfluss auf die aktuelle und zuk\u00fcnftige Gestaltung und auf die Inhalte der gelinkten\/verkn\u00fcpften Seiten. Deshalb distanziert er sich hiermit ausdr\u00fccklich von allen Inhalten aller gelinkten \/verkn\u00fcpften Seiten, die nach der Linksetzung ver\u00e4ndert wurden. Diese Feststellung gilt f\u00fcr alle innerhalb des eigenen Internetangebotes gesetzten Links und Verweise sowie f\u00fcr Fremdeintr\u00e4ge in vom Autor eingerichteten G\u00e4steb\u00fcchern, Diskussionsforen und Mailinglisten.<\/p>\n<p>F\u00fcr illegale, fehlerhafte oder unvollst\u00e4ndige Inhalte und insbesondere f\u00fcr Sch\u00e4den, die aus der Nutzung oder Nichtnutzung solcherart dargebotener Informationen entstehen, haftet allein der Anbieter der Seite, auf welche verwiesen wurde, nicht derjenige, der \u00fcber Links auf die jeweilige Ver\u00f6ffentlichung lediglich verweist.<\/p>\n<h2>3. Urheber- und Kennzeichenrecht<\/h2>\n<p>Der Autor ist bestrebt, in allen Publikationen die Urheberrechte der verwendeten Grafiken, Tondokumente, Videosequenzen und Texte zu beachten, von ihm selbst erstellte Grafiken, Tondokumente, Videosequenzen und Texte zu nutzen oder auf lizenzfreie Grafiken, Tondokumente, Videosequenzen und Texte zur\u00fcckzugreifen. Alle auf den Fotos und Videos sichtbaren Personen haben ihr Einverst\u00e4ndnis zur Darstellung auf Bild- und Videodokumenten dieser Webseiten gegeben. Dieses Einverst\u00e4ndnis kann bei Bedarf beim Webmaster eingesehen werden.<\/p>\n<p>Alle innerhalb des Internetangebotes genannten und ggf. durch Dritte gesch\u00fctzten Marken- und Warenzeichen unterliegen uneingeschr\u00e4nkt den Bestimmungen des jeweils g\u00fcltigen Kennzeichenrechts und den Besitzrechten der jeweiligen eingetragenen Eigent\u00fcmer. Allein aufgrund der blo\u00dfen Nennung ist nicht der Schluss zu ziehen, dass Markenzeichen nicht durch Rechte Dritter gesch\u00fctzt sind!<\/p>\n<p>Das Copyright f\u00fcr ver\u00f6ffentlichte, vom Autor selbst erstellte Objekte bleibt allein beim Autor der Seiten. Eine Vervielf\u00e4ltigung oder Verwendung solcher Grafiken, Tondokumente, Videosequenzen und Texte in anderen elektronischen oder gedruckten Publikationen ist ohne ausdr\u00fcckliche Zustimmung des Autors nicht gestattet.<\/p>\n<h2>4. Rechtswirksamkeit dieses Haftungsausschlusses<\/h2>\n<p>Dieser Haftungsausschluss ist als Teil des Internetangebotes zu betrachten, von dem aus auf diese Seite verwiesen wurde. Sofern Teile oder einzelne Formulierungen dieses Textes der geltenden Rechtslage nicht, nicht mehr oder nicht vollst\u00e4ndig entsprechen sollten, bleiben die \u00fcbrigen Teile des Dokumentes in ihrem Inhalt und ihrer G\u00fcltigkeit davon unber\u00fchrt.<\/p>\n","protected":false},"excerpt":{"rendered":"<p>Impressum der privaten Homepage www.dl0mfk.de Bei allgemeinen redaktionellen Fragen, Informationen zu unseren Seiten &#8211; Inhalten und technischen Fragen, Hinweisen usw. wenden Sie sich bitte an: Torsten Schlegel, DL4APJ Am Stadion 25 D-07629 Hermsdorf Tel: +49-36601-41787 eMail: info@dl0mfk.de Plattform der EU-Kommission zur Online-Streitbeilegung: https:\/\/ec.europa.eu\/consumers\/odr Wir sind zur Teilnahme an einem Streitbeilegungsverfahren vor einer Verbraucherschlichtungsstelle weder verpflichtet &hellip; <\/p>\n<p class=\"link-more\"><a href=\"https:\/\/www.dl0mfk.de\/?page_id=738\" class=\"more-link\"><span class=\"screen-reader-text\">\u201eImpressum\u201c<\/span> weiterlesen<\/a><\/p>\n","protected":false},"author":1,"featured_media":0,"parent":0,"menu_order":0,"comment_status":"closed","ping_status":"closed","template":"","meta":{"footnotes":""},"class_list":["post-738","page","type-page","status-publish","hentry"],"_links":{"self":[{"href":"https:\/\/www.dl0mfk.de\/index.php?rest_route=\/wp\/v2\/pages\/738","targetHints":{"allow":["GET"]}}],"collection":[{"href":"https:\/\/www.dl0mfk.de\/index.php?rest_route=\/wp\/v2\/pages"}],"about":[{"href":"https:\/\/www.dl0mfk.de\/index.php?rest_route=\/wp\/v2\/types\/page"}],"author":[{"embeddable":true,"href":"https:\/\/www.dl0mfk.de\/index.php?rest_route=\/wp\/v2\/users\/1"}],"replies":[{"embeddable":true,"href":"https:\/\/www.dl0mfk.de\/index.php?rest_route=%2Fwp%2Fv2%2Fcomments&post=738"}],"version-history":[{"count":1,"href":"https:\/\/www.dl0mfk.de\/index.php?rest_route=\/wp\/v2\/pages\/738\/revisions"}],"predecessor-version":[{"id":739,"href":"https:\/\/www.dl0mfk.de\/index.php?rest_route=\/wp\/v2\/pages\/738\/revisions\/739"}],"wp:attachment":[{"href":"https:\/\/www.dl0mfk.de\/index.php?rest_route=%2Fwp%2Fv2%2Fmedia&parent=738"}],"curies":[{"name":"wp","href":"https:\/\/api.w.org\/{rel}","templated":true}]}}